(-602)?
9
Let m(c) = 3599*c - 50750. What is m(14)?
-364
Let v(g) = 13578*g + 121809. Give v(-9).
-393
Let h(r) = -525*r + 76558. Give h(145).
433
Let x(p) = -6*p**3 + 91*p**2 + 946*p + 91. Determine x(-7).
-14
Let n(l) = l**3 - 66*l**2 + 322*l - 263. What is n(4)?
33
Let z(l) = 728*l**2 + 258433*l - 2462. What is z(-355)?
23
Let p(o) = -29*o + 1291. Give p(32).
363
Let i(l) = -l**2 - 123*l - 924. Calculate i(-115).
-4
Let k(f) = 106*f + 3058. What is k(-27)?
196
Let g(f) = -10*f**2 - 549*f + 504. Determine g(-57).
-693
Let n(y) = -y**3 + 171*y**2 - 480*y - 362. Calculate n(168).
3670
Let s(b) = 33*b**3 + 178*b**2 - 94*b - 785. Calculate s(-5).
10
Let y(v) = v**3 - 143*v**2 + 5*v - 951. Give y(143).
-236
Let c(k) = -19*k - 153. What is c(1)?
-172
Let a(j) = 13798*j - 3656470. What is a(265)?
0
Let r(i) = 3*i**3 - 37*i**2 - 270*i - 5. Give r(-6).
-365
Let s(a) = 3666*a + 40317. Give s(-11).
-9
Let m(x) = 6*x**2 + 8676*x + 26012. Calculate m(-3).
38
Let x(r) = -828603*r + 14914844. Determine x(18).
-10
Let r(g) = -g**2 - 104*g - 1221. Give r(-96).
-453
Let z(u) = 6382*u + 357389. Determine z(-56).
-3
Let a(q) = 62*q + 3242. Calculate a(-75).
-1408
Let c(b) = 2*b**3 + 112*b**2 - 873*b - 76. Give c(-63).
-643
Let j(v) = -34*v**2 - 1804*v + 109. Calculate j(-53).
215
Let i(y) = 4*y**2 - 1994*y + 93658. Determine i(446).
-2
Let u(p) = -992*p - 225202. Give u(-227).
-18
Let k(w) = w**3 - 1933*w**2 + 907715*w + 793. Give k(804).
-11
Let m(n) = -611*n**3 + 2409*n**2 - 7*n + 66. Give m(4).
-522
Let l(b) = -b**3 + 4*b**2 + 47*b - 105. Determine l(8).
15
Let o(y) = 24671*y - 4268045. Calculate o(173).
38
Let y(g) = 312*g**2 - 11239*g + 263. Calculate y(36).
11
Let k(j) = 126408*j + 126427. Determine k(-1).
19
Let k(c) = -3*c**3 + 119*c**2 + 43*c - 185. Determine k(40).
-65
Let l(d) = 14*d**2 + 64*d - 448. What is l(-10)?
312
Let a(b) = -2*b**2 + 1450*b - 22496. Calculate a(16).
192
Let w(o) = 2008*o + 258978. What is w(-129)?
-54
Let q(l) = 419*l + 7851. Determine q(-25).
-2624
Let w(d) = 10*d**2 - 64*d + 281. Determine w(6).
257
Let z(g) = -2*g**3 + 28*g**2 - 5*g + 47. Give z(14).
-23
Let q(s) = -49*s**2 + 2200*s + 85623. Determine q(-25).
-2
Let s(l) = -5*l**3 - 25*l**2 - 227*l - 656. Calculate s(-6).
886
Let f(y) = 10877*y - 3654680. Determine f(336).
-8
Let k(f) = -1115*f - 869705. Give k(-780).
-5
Let c(n) = 2*n**3 + 19*n**2 + 53*n - 1772. Calculate c(7).
216
Let t(n) = 2434*n - 1421474. Give t(584).
-18
Let l(p) = -2*p**2 + 2914*p + 381858. Determine l(-121).
-18
Let h(p) = 17433*p - 976270. Determine h(56).
-22
Let a(q) = 2*q**2 + 93*q + 274. Calculate a(-23).
-807
Let v(x) = 12895*x + 77369. What is v(-6)?
-1
Let d(k) = -63019*k + 12981922. Give d(206).
8
Let w(q) = -q**3 - 251*q**2 + 2328*q - 3663. Determine w(7).
-9
Let d(c) = -389*c**2 - 2766*c - 35. Calculate d(-7).
266
Let i(y) = -51702*y + 361916. Calculate i(7).
2
Let r(s) = -2*s**3 + 49*s**2 + 31*s - 15. Determine r(25).
135
Let a(g) = -9*g**2 - 652*g + 25. What is a(-72)?
313
Let v(t) = 1149*t - 432. Determine v(2).
1866
Let w(a) = -467*a - 373. Calculate w(-1).
94
Let v(y) = -128921*y + 19724913. Give v(153).
0
Let m(n) = -4308*n + 90398. What is m(21)?
-70
Let l(w) = -66*w**2 - 395*w + 223. Determine l(-10).
-2427
Let b(f) = 20*f**2 - 604*f + 137. Calculate b(30).
17
Let l(t) = 6*t**2 + 37*t - 27. Calculate l(-19).
1436
Let s(y) = 2*y**3 - 69*y**2 - 21692*y + 777031. Give s(36).
7
Let k(q) = 6*q**3 - 213*q**2 + 619*q + 6756. Calculate k(31).
-2
Let u(o) = -376954*o - 22240286. Calculate u(-59).
0
Let x(c) = -166*c**2 - 6857*c - 14933. Give x(-39).
4
Let c(t) = 1135*t + 27374. Give c(-24).
134
Let v(s) = 41327*s + 1983677. Calculate v(-48).
-19
Let m(i) = i**3 - 56*i**2 - 499*i + 88. Give m(-8).
-16
Let y(m) = 60*m**2 - 461*m + 1216. What is y(4)?
332
Let w(z) = 2099*z + 13970. What is w(-7)?
-723
Let f(l) = -5*l**2 + 2399*l - 18816. Calculate f(8).
56
Let v(c) = 2*c**3 - 28*c**2 + 87*c - 788. Determine v(13).
5
Let l(y) = -6*y**3 - 4*y**2 + 9*y + 264. Calculate l(9).
-4353
Let w(g) = -5036*g - 241711. Give w(-48).
17
Let x(w) = 8612*w - 94716. What is x(11)?
16
Let y(c) = 1406*c + 361364. What is y(-257)?
22
Let l(x) = -2*x**3 - 37*x**2 + 18*x - 129. What is l(-19)?
-110
Let c(n) = -25350*n + 4588342. Determine c(181).
-8
Let x(z) = z**3 - 19*z**2 + 1145*z - 20258. Give x(18).
28
Let o(m) = 78*m**2 - 1034*m + 3169. Give o(8).
-111
Let b(f) = 22901*f + 343444. Determine b(-15).
-71
Let k(a) = a**3 + 79*a**2 - 212*a - 68080. Give k(-67).
-8
Let s(i) = 533*i**3 + 10126*i**2 - 27*i - 144. Give s(-19).
8
Let x(h) = 2*h**3 + 6*h**2 - 508*h + 48. Determine x(14).
-400
Let n(m) = m**3 + 143*m**2 - 282*m + 4. Determine n(2).
20
Let w(v) = 2*v**3 - 74*v**2 - 547*v + 25532. Determine w(34).
-2
Let o(y) = 3638*y + 3420. Give o(-1).
-218
Let y(l) = -203*l**2 + 15493*l - 58727. What is y(4)?
-3
Let p(b) = -3655*b - 33121. Give p(-9).
-226
Let x(m) = -1508*m - 168875. Give x(-112).
21
Let p(g) = g**2 + 105499*g + 1371301. Calculate p(-13).
-17
Let m(l) = 1389*l - 129210. Calculate m(93).
-33
Let k(f) = 5*f**3 + 6*f**2 + 47*f + 220. Calculate k(-4).
-192
Let s(h) = -16623*h - 133016. Give s(-8).
-32
Let l(z) = -6*z**3 + 218*z**2 + 1077*z + 463. What is l(-4)?
27
Let f(d) = d**3 + 7*d**2 - 578*d - 6003. What is f(-10)?
-523
Let l(n) = 2*n**2 + 48062*n - 240294. What is l(5)?
66
Let l(u) = -u**3 - 8336*u**2 - 49977*u + 14. Give l(-6).
-4
Let t(y) = -104921*y + 28013902. Determine t(267).
-5
Let b(i) = 148602*i - 594441. Give b(4).
-33
Let s(k) = -6840124*k - 47880870. Give s(-7).
-2
Let x(o) = 2*o**3 - 32*o**2 - 148*o + 1927. Calculate x(17).
-11
Let b(z) = z**3 - 90*z**2 + 529*z - 1816. What is b(84)?
284
Let f(s) = 31*s**2 + 12245*s - 7. Calculate f(-395).
-7
Let n(t) = -2*t**3 + 116*t**2 + 528*t - 3864. Calculate n(4).
-24
Let d(t) = 161369*t - 645472. Determine d(4).
4
Let h(l) = -5887*l - 135416. Determine h(-23).
-15
Let j(l) = -l**3 - 17*l**2 + 2840*l + 31337. What is j(-11)?
-629
Let h(j) = 1059*j - 17077. What is h(17)?
926
Let i(x) = -13*x**3 - 748*x**2 - 386*x + 738. Determine i(-57).
-3
Let i(u) = u**3 - 20*u**2 - 28*u - 31. Give i(10).
-1311
Let y(o) = -5879*o - 105. Give y(0).
-105
Let i(m) = 2532*m - 260792. Determine i(103).
4
Let g(u) = -u**3 - 5*u**2 + 1644*u + 433. What is g(-43)?
3
Let m(o) = 13*o**2 - 5665*o + 15663. Calculate m(433).
75
Let k(m) = 8111*m - 8061. What is k(1)?
50
Let l(t) = 65*t - 719. What is l(14)?
191
Let t(g) = -2*g**2 + 15537*g - 186163. What is t(12)?
-7
Let z(u) = 4*u**3 + 33*u**2 + 21*u + 123. What is z(-6)?
321
Let s(d) = -2*d**3 + 151*d**2 - 360*d + 205. Calculate s(73).
570
Let w(v) = 37*v**3 - 1585*v**2 - 310*v + 2225. Give w(43).
-11
Let p(a) = -684*a - 17687. Give p(-26).
97
Let a(d) = 1679*d - 57170. What is a(34)?
-84
Let f(u) = u**2 + 366*u - 7412. What is f(19)?
-97
Let h(x) = -220*x - 1786. Give h(-8).
-26
Let z(m) = -347*m**3 - 11458*m**2 - 238*m - 221. Give z(-33).
10
Let i(o) = -45*o**2 + 9*o + 21. Calculate i(-6).
-1653
Let z(i) = -54*i**2 - 118*i + 62. What is z(3)?
-778
Let h(b) = -b**2 + 245*b + 78452. Determine h(428).
128
Let s(r) = 24*r**3 - 170*r**2 - 26*r + 233. Give s(7).
-47
Let m(f) = -10*f**2 - 143*f + 39443. Determine m(56).
75
Let k(q) = -3*q**2 + 268*q + 15344. Calculate k(129).
-7
Let q(m) = 2*m**2 + 1823*m - 259133. Calculate q(125).
-8
Let p(z) = -1161*z**2 + 79*z + 79. Give p(-1).
-1161
Let t(g) = -g**3 - 74*g**2 - 110*g + 1992. Calculate t(-72).
-456
Let m(k) = -85*k - 1250. Calculate m(-9).
-485
Let w(i) = 268*i - 2792. Determine w(11).
156
Let m(r) = 28696*r - 57497. Give m(2).
-105
Let v(r) = 9200*r + 193765. Determine v(-21).
565
Let y(i) = 2*i**2 - 16100*i + 48261. Determine y(3).
-21
Let n(l) = 4*l**3 - 296*l**2 - 122*l - 13333. Determine n(75).
17
Let m(z) = 10*z**3 - 340*z**2 - 333*z + 222. What is m(35)?
817
Let x(a) = -3993*a + 55950. Determine x(14).
48
Let u(s) = 152*s**2 + 14784*s + 3905. Give u(-97).
25
Let o(k) = k**2 + 210*k - 3468. What is o(26)?
2668
Let b(n) = 4*n**3 + 242*n**2 - 139*n - 1082. Give b(-61).
-45
Let f(m) = -259*m**2 - 811*m + 501. Give f(-4).
-399
Let s(f) = -2*f**3 + 133*f**2 + 339*f + 434. Calculate s(69).
20
Let t(a) = -215*a**2 - 65288*a + 21882. Give t(-304).
-6
Let o(y) = -1376*y 